= -3*s + 2*c + 789. What are the prime factors of s?
5, 53
Let o = 3 - -4. Suppose -2*f + o = -1. Suppose -2*d + 5*y = -31, -d - d + f*y = -32. List the prime factors of d.
2, 3
Suppose 2*m - 7*m + 80 = 0. List the prime factors of m.
2
Let l(h) = 2*h + 10. List the prime factors of l(7).
2, 3
Let z(m) = -m**3 - 11*m**2 - m - 8. Let q be z(-11). Suppose -q*a + 29 = -13. List the prime factors of a.
2, 7
Suppose 5*b = b. Let f = b - -10. List the prime factors of f.
2, 5
Suppose -q - 2*q - 96 = 0. Let t = -44 + 92. Let z = q + t. What are the prime factors of z?
2
Suppose 84 = 5*d - 2*d. What are the prime factors of d?
2, 7
Let y(f) = 2*f**2 + 2*f. Let t be y(-2). Suppose 0 = 2*o - t*o + 4. Suppose o*c + 0*c = 6. What are the prime factors of c?
3
Let t = -157 + 262. List the prime factors of t.
3, 5, 7
Let u(d) be the first derivative of 2 + 0*d - 2*d**3 - 1/2*d**2 - 1/4*d**4. What are the prime factors of u(-6)?
2, 3
List the prime factors of ((-7)/(0/(-3) - -1))/(-1).
7
Suppose 0*c = -2*c - 226. Let v = 190 + c. Let t = v + -53. List the prime factors of t.
2, 3
Let a be 10/(0 - (-1 - -3)). List the prime factors of (a/(-4))/(3/12).
5
Suppose p = -z + 15, -2*p + 24 = p - 4*z. What are the prime factors of 21/(2/(16/p))?
2, 7
Suppose -6 = -f - 19. Let k be (72/(-3))/1*-1. Let d = k + f. List the prime factors of d.
11
Suppose 5*x + 38 = -2*q + 4*x, -5*q - 96 = 3*x. Let v = -5 - q. List the prime factors of v.
13
Let b(x) = 3*x**3 + 12*x**2 + 12*x + 8. Let s(h) = -h**3 - h**2 - h - 1. Let p(u) = -b(u) - 4*s(u). List the prime factors of p(9).
5
What are the prime factors of (-250)/(-8) - 3/12?
31
Let j be 134/8 - (-6)/(-8). Suppose q = 3*m - 47, -3*m - 5*q + j = -1. List the prime factors of m.
2, 7
Let f = 5 - -2. List the prime factors of f.
7
Let r(c) = c**3 + 2*c**2 - 1. Let v be r(-2). What are the prime factors of 13 - ((3 - 2) + v)?
13
Let p = 4 + -4. Suppose -q + 0*c - 2*c + 14 = 0, p = -5*c + 15. List the prime factors of -4*-2*7/q.
7
Let u = 2 + 23. List the prime factors of 3/(-3) + -4 + u.
2, 5
Suppose 2*a = -2*a + 3*m - 40, -2*a + 3*m - 20 = 0. Let y = 16 + a. List the prime factors of y.
2, 3
List the prime factors of (-40)/10*2/(-4).
2
Suppose 4*s - 5*s = -29. What are the prime factors of s?
29
What are the prime factors of 1*-2*1*(-329)/14?
47
Suppose -3*y + 4*f + 113 = 0, -3*f + 37 = y - 5*f. List the prime factors of y.
3, 13
Suppose -12 = -4*s - f - 0*f, 0 = -3*f. Suppose -i = s*h - 65, -66 - 44 = -2*i - 2*h. What are the prime factors of i?
2, 5
Let a = -24 + 10. Let i = 24 + a. What are the prime factors of i?
2, 5
Suppose -11*z - 12 + 298 = 0. List the prime factors of z.
2, 13
Let y(z) be the second derivative of 7*z**3/6 - 5*z**2/2 - 6*z. List the prime factors of y(4).
23
Let x be (-3)/12*-2*14. Suppose 2*j - x*j + 45 = 0. List the prime factors of j.
3
Suppose -g - 3*o + 6*o + 312 = 0, -866 = -3*g - 5*o. What are the prime factors of g?
3, 11
Suppose -2*z = 4*b - 12, 3*b + z = 2*b + 2. Suppose 2*m - 19 = -3*j - b, 0 = -5*m + 3*j + 27. List the prime factors of m.
2, 3
Suppose -12 = -2*j - 2*j. Suppose -4*z - 2 = -j*z, 4*g - 4 = -2*z. Suppose 3*c - 20 = -g*c - 5*q, -4*c + 3*q = -51. List the prime factors of c.
3
Suppose 0*y + 3*y = 2*z + 173, 117 = 2*y - 3*z. List the prime factors of y.
3, 19
What are the prime factors of 26/(-6)*(-54)/18?
13
List the prime factors of (-1)/(-4) + 27/4.
7
Let s(p) = 16*p - 10. Let c be s(4). Suppose -19 + c = 5*f. What are the prime factors of f?
7
Suppose -a + 4 = 3*z - 10, 4*z + a = 17. Suppose -4*v = -5*y - 9*v + 145, z*v + 105 = 3*y. What are the prime factors of y?
2
Let r = 0 - 2. Let u be (2 + -4)/(r/5). Suppose -3*i - 7 = 4*k - 20, -i + u*k = -17. List the prime factors of i.
7
Let t be (14/(-8))/((-3)/84). Let u = -18 + t. List the prime factors of u.
31
Let b be (-1 - -7)*(0 - 1). What are the prime factors of 4/6 + (-140)/b?
2, 3
Suppose -6*l + 24 = -3*l. Suppose l = 3*b - 1. Suppose -a - 3*z = -12, b*a = -0*z - 2*z + 29. List the prime factors of a.
3
List the prime factors of (-55 + -1)*-1 - 0.
2, 7
What are the prime factors of (6 - -1)*(60/3 + -5)?
3, 5, 7
Let l(f) = 5*f - 7. What are the prime factors of l(6)?
23
Suppose 0 = 3*h - 2*g - 0*g - 26, 0 = 5*h + 5*g - 35. Let y = 16 - h. List the prime factors of y.
2
Let y = 38 + -14. What are the prime factors of y?
2, 3
Suppose -2*q + 10 = 0, -5*p - 4*q = -3*q - 50. Let a(n) = -n**3 + 8*n**2 + 11*n - 3. List the prime factors of a(p).
3, 5
Let h(y) = -y**3 - y**2 + 3*y + 4. Let u be h(-4). Suppose -5*s - 1 + 5 = 4*l, 0 = -4*l + 4*s + u. What are the prime factors of l?
2, 3
Let c be (-237)/(-6) + 5/(-10). Suppose 0*r + r = c. What are the prime factors of r?
3, 13
Let h(p) = p + 4. Let r(g) = -g - 3. Let l(x) = -5*h(x) - 6*r(x). Let c be l(6). Let t = -2 + c. List the prime factors of t.
2
List the prime factors of (-1 - (-986)/10) + 18/45.
2, 7
Let p(n) be the first derivative of -n**5/60 + 3*n**4/8 - n**3 + 3*n**2/2 + 3. Let u(k) be the second derivative of p(k). What are the prime factors of u(6)?
2, 3
Let l = -4 - -14. Let g = l - 8. What are the prime factors of g?
2
Suppose 0 = -g - 2 + 34. Suppose l + g = 5*l. List the prime factors of l.
2
Let c(d) = 0 + 10 - 3*d + 2*d. Suppose -17 - 7 = -3*p. What are the prime factors of c(p)?
2
Let u = 215 - 96. List the prime factors of u.
7, 17
Let a(w) = 3 + 4*w**2 + 5 - 1 + 0*w**3 + w**3 - 4*w. Let c = 3 - 8. List the prime factors of a(c).
2
Let w be (4/6)/(10/75). Suppose -w + 69 = 2*x. Suppose -o - o = -x. List the prime factors of o.
2
Let z(q) = -q**2 + 5*q - 3. Let y be z(2). Suppose -l - l = y*c - 9, -4*l + 3 = 3*c. List the prime factors of c.
5
Suppose 3 = q - 0. What are the prime factors of q?
3
Let p(y) = -y**3 + 11*y**2 + 2*y + 16. What are the prime factors of p(11)?
2, 19
List the prime factors of 15/(-25) - ((-3032)/20)/1.
151
Suppose 68*k - 220 = 66*k. What are the prime factors of k?
2, 5, 11
Let k(t) = -166*t + 2. List the prime factors of k(-1).
2, 3, 7
Suppose 2*f = 2, 4 = 5*u - 3*f - 3. Suppose -3*o = -u*w + 3*w - 11, 0 = 4*o + 2*w - 14. What are the prime factors of o?
2
Suppose 5 = -2*t + 1. Let d be 2 + 4*11 + t. Suppose -4*a + 4*c = -d, 5*a + 3*c - 32 = -1. What are the prime factors of a?
2
Let q be ((-30)/(-4))/((-1)/2). Let a(z) = 3*z + 2. Let g be a(-3). Let i = g - q. What are the prime factors of i?
2
Let b(g) = g**3 - 4*g**2 + 6. What are the prime factors of b(5)?
31
Let k = -6 - -11. Suppose f = -2*t + 2, f + 4*t - 11 = -k. List the prime factors of 7/2 - f/(-4).
3
List the prime factors of 2/(-3 - (-627)/207).
3, 23
Let p(k) = 2*k**2 - 6*k + 5. List the prime factors of p(5).
5
Let j(u) be the first derivative of -u**3/3 - 11*u**2/2 - 10*u + 2. List the prime factors of j(-7).
2, 3
Let s = -29 - -63. List the prime factors of s.
2, 17
Suppose -5*p = -25, -p = 7*j - 3*j - 37. Let c = j - 6. List the prime factors of c.
2
Suppose -6 = -3*s + 2*q, 3*s + 3*q + 1 = 7. Suppose -s + 10 = 4*w. Suppose -x + 6 - w = 0. What are the prime factors of x?
2
Let g(d) = -d**2 - 3*d. Let j = 5 - 8. Let n be g(j). Suppose m = 3*u - n + 4, 2*m + 5*u = 8. List the prime factors of m.
2
Suppose 0 = -u - 0*y + 2*y - 1, 0 = u - y - 2. List the prime factors of u.
5
List the prime factors of ((-44)/(-10) - 4)*(-2 + 192).
2, 19
Suppose 2*i - 14 + 6 = 0. Suppose 26 = j + i*q + q, -24 = -j - 4*q. What are the prime factors of j?
2
List the prime factors of 6/39 + (-2696)/(-52).
2, 13
What are the prime factors of (123/(-6))/((-2)/4)?
41
Let z = -11 + 17. Let m(p) = 4*p + 5. List the prime factors of m(z).
29
Let j = 52 + -37. What are the prime factors of j?
3, 5
Suppose -2*n - 6*i + 35 = -i, -2*i = 2*n - 20. What are the prime factors of (1/(-3))/(n/(-465))?
31
Suppose 4*d + 3*p - 30 = 4*p, 0 = 4*p + 8. Suppose -2*q + 7 + d = 0. What are the prime factors of q?
7
Let n(g) = g**3 + 8*g**2 + 8*g + 9. Let l be n(-7). Suppose l*k - k = -1. What are the prime factors of 0 + -8*(k - 0)?
2
Let x(n) = -4*n**2 - 12*n - 7. Let o(t) = -t**2 - t - 1. Let r(j) = 3*o(j) - x(j). Let q be r(-9). Suppose q*a - 29 = 15. What are the prime factors of a?
11
Let y = -8 + 1. List the prime factors of (-4)/(-14) - 19/y.
3
Suppose r = 3*r - 20. Let g be -1 + (r - 0)/2. Let s = g +